	{"id":1104,"date":"2018-05-08T20:51:35","date_gmt":"2018-05-08T18:51:35","guid":{"rendered":"http:\/\/192.168.0.8\/wordpress\/?page_id=1104"},"modified":"2024-06-27T10:31:35","modified_gmt":"2024-06-27T08:31:35","slug":"devenir-membre","status":"publish","type":"page","link":"https:\/\/tcportet.fr\/?page_id=1104","title":{"rendered":"Devenir membre"},"content":{"rendered":"<h1>Inscriptions 2025<\/h1>\n<p>Nous vous proposons de vous r\u00e9inscrire au Tennis club de Portet pour la saison prochaine, <strong>d\u00e8s le mois de juin<\/strong>. Ces pr\u00e9inscriptions ont pour but d\u2019organiser au mieux la saison sportive 2025, et notamment de pouvoir constituer les groupes adultes d\u2019entrainement au plus t\u00f4t.<\/p>\n<p>De plus, cette ann\u00e9e, la F\u00e9d\u00e9ration Fran\u00e7aise de Tennis a d\u00e9cid\u00e9 que la saison se terminerait le 31 ao\u00fbt (et non le 30 septembre comme les ann\u00e9es pr\u00e9c\u00e9dentes). Il faudra donc que les personnes suivantes soient en possession d\u2019une <strong>LICENCE 2025 au 1er septembre : <\/strong><\/p>\n<ul>\n<li>les licenci\u00e9s qui veulent pouvoir avoir acc\u00e8s aux courts pour pratiquer le tennis \u00e0 partir du 1er septembre.<\/li>\n<li>les comp\u00e9titeurs qui voudront s\u2019inscrire \u00e0 un tournoi ou \u00e0 une comp\u00e9tition homologu\u00e9e au mois de septembre.<\/li>\n<\/ul>\n<p>Nous tiendrons donc des <strong>permanences au club <\/strong>pour les inscriptions en juin aux dates suivantes :<\/p>\n<ul>\n<li>Mardi 18 juin de 17h \u00e0 20h<\/li>\n<li>Mercredi 19 juin de 17h30 \u00e0 19h30<\/li>\n<li>Jeudi 20 juin de 17h30 \u00e0 20h<\/li>\n<li>Vendredi 21 juin de 18h30 \u00e0 20h<\/li>\n<li>Samedi 22 juin de 10h \u00e0 12h<\/li>\n<\/ul>\n<p>L\u2019inscription est obligatoire chaque ann\u00e9e. Pour ce faire, merci de vous munir :<\/p>\n<ul>\n<li>du\u00a0 r\u00e8glement (ch\u00e8ques, esp\u00e8ces ou \u00ab coupons sport ANCV \u00bb), les ch\u00e8ques ne seront encaiss\u00e9s qu'\u00e0 partir du mois de septembre.<\/li>\n<li>de la copie de votre certificat m\u00e9dical de non contre-indication \u00e0 la pratique du tennis (y compris en comp\u00e9tition) datant de moins de 3 ans.<\/li>\n<\/ul>\n<p>Il faudra \u00e9galement compl\u00e9ter :<\/p>\n<ul>\n<li>\u00a0une fiche d'adh\u00e9sion au club.<\/li>\n<li>\u00a0une fiche d'inscription pour les cours collectifs pour ceux qui le souhaitent.<\/li>\n<li>Un questionnaire de sant\u00e9 pour les mineurs<\/li>\n<\/ul>\n<p>N'h\u00e9sitez pas \u00e0 revenir vers nous pour plus de renseignements !<\/p>\n<p><strong>Pi\u00e8ces jointes:<\/strong><\/p>\n<ul>\n<li><a href=\"https:\/\/tcportet.fr\/wp-content\/uploads\/2024\/06\/FICHE-ADHESION_ADULTE-2025-1.pdf\">FICHE ADHESION_ADULTE 2025-1<\/a><\/li>\n<li><a href=\"https:\/\/tcportet.fr\/wp-content\/uploads\/2024\/06\/FICHE-ADHESION_ECOLETENNIS_saison-2025.pdf\">FICHE ADHESION_ECOLETENNIS_saison 2025<\/a><\/li>\n<li><a href=\"https:\/\/tcportet.fr\/wp-content\/uploads\/2024\/06\/Questionnaire-Sante-Mineur-FFT.pdf\">Questionnaire Sante Mineur FFT<\/a><\/li>\n<\/ul>\n<p><strong>Toutes ces fiches seront \u00e9galement disponibles en version papier, au club pour les inscriptions.<\/strong><\/p>\n","protected":false},"excerpt":{"rendered":"<p>Inscriptions 2025 Nous vous proposons de vous r\u00e9inscrire au Tennis club de Portet pour la saison prochaine, d\u00e8s le mois de juin. Ces pr\u00e9inscriptions ont pour but d\u2019organiser au mieux la saison sportive 2025, et notamment de pouvoir constituer les groupes adultes d\u2019entrainement au plus t\u00f4t. De plus, cette ann\u00e9e, la F\u00e9d\u00e9ration Fran\u00e7aise de Tennis [&hellip;]<\/p>\n","protected":false},"author":2,"featured_media":0,"parent":0,"menu_order":0,"comment_status":"closed","ping_status":"closed","template":"","meta":{"_acf_changed":false,"footnotes":""},"class_list":["post-1104","page","type-page","status-publish","hentry"],"acf":[],"_links":{"self":[{"href":"https:\/\/tcportet.fr\/index.php?rest_route=\/wp\/v2\/pages\/1104","targetHints":{"allow":["GET"]}}],"collection":[{"href":"https:\/\/tcportet.fr\/index.php?rest_route=\/wp\/v2\/pages"}],"about":[{"href":"https:\/\/tcportet.fr\/index.php?rest_route=\/wp\/v2\/types\/page"}],"author":[{"embeddable":true,"href":"https:\/\/tcportet.fr\/index.php?rest_route=\/wp\/v2\/users\/2"}],"replies":[{"embeddable":true,"href":"https:\/\/tcportet.fr\/index.php?rest_route=%2Fwp%2Fv2%2Fcomments&post=1104"}],"version-history":[{"count":8,"href":"https:\/\/tcportet.fr\/index.php?rest_route=\/wp\/v2\/pages\/1104\/revisions"}],"predecessor-version":[{"id":1663,"href":"https:\/\/tcportet.fr\/index.php?rest_route=\/wp\/v2\/pages\/1104\/revisions\/1663"}],"wp:attachment":[{"href":"https:\/\/tcportet.fr\/index.php?rest_route=%2Fwp%2Fv2%2Fmedia&parent=1104"}],"curies":[{"name":"wp","href":"https:\/\/api.w.org\/{rel}","templated":true}]}}